eatest common factor of 11046 and 15612?
6
Calculate the greatest common divisor of 102 and 289194.
6
What is the greatest common factor of 488 and 138274556?
244
What is the highest common factor of 129574160 and 80?
80
Calculate the greatest common divisor of 908641338 and 66.
66
Calculate the greatest common divisor of 73216 and 134511.
13
What is the greatest common divisor of 510 and 41291742?
102
Calculate the highest common divisor of 507756 and 353362.
646
Calculate the greatest common divisor of 283969 and 117859.
791
Calculate the highest common factor of 1692859 and 75044.
257
What is the highest common divisor of 16240 and 72233200?
2320
Calculate the greatest common divisor of 899 and 3224684.
29
Calculate the greatest common divisor of 41526 and 41094.
54
Calculate the highest common divisor of 88980960 and 35460.
11820
What is the greatest common divisor of 179361 and 5607?
63
What is the greatest common divisor of 8658 and 20551687?
481
What is the greatest common divisor of 49459877 and 548?
137
What is the greatest common factor of 111001958 and 96343?
7411
Calculate the greatest common factor of 4933 and 339868901.
4933
Calculate the highest common divisor of 173196781 and 601.
601
What is the highest common divisor of 76791284 and 51323?
3019
Calculate the greatest common factor of 6433495 and 2810.
1405
Calculate the highest common divisor of 36 and 26772912.
36
What is the greatest common factor of 7765717 and 61535?
12307
What is the highest common divisor of 630 and 56984410?
70
Calculate the highest common factor of 133136 and 1643.
53
Calculate the greatest common divisor of 1347825068 and 310.
62
Calculate the highest common divisor of 5710498 and 1606.
146
What is the greatest common factor of 55551959 and 762?
127
Calculate the greatest common factor of 122295 and 655.
5
What is the highest common divisor of 1381715 and 415?
5
Calculate the greatest common divisor of 27460925 and 47.
47
Calculate the highest common factor of 36 and 25080036.
12
What is the greatest common factor of 1562677 and 226?
113
Calculate the greatest common divisor of 13618924 and 440.
44
Calculate the highest common divisor of 15486 and 69963.
3
What is the highest common factor of 123 and 904214?
41
What is the highest common factor of 15543 and 287793?
99
What is the greatest common divisor of 1215 and 2148215?
5
Calculate the greatest common factor of 7228 and 1104948.
52
Calculate the greatest common factor of 183077654 and 19.
19
What is the highest common divisor of 809708 and 294076?
148
Calculate the highest common factor of 6603 and 5082109.
2201
What is the greatest common factor of 30660 and 10500?
420
What is the greatest common divisor of 532 and 679036288?
532
What is the highest common divisor of 4791193 and 11?
11
Calculate the greatest common factor of 8865360 and 2295.
45
What is the highest common factor of 2695 and 5304215?
35
What is the greatest common divisor of 98792 and 5399852?
212
Calculate the highest common factor of 156 and 160455.
3
What is the highest common factor of 1050 and 276605?
35
What is the highest common divisor of 1976 and 19303440?
104
Calculate the greatest common factor of 51504 and 3754427.
1073
Calculate the greatest common divisor of 49032 and 367956.
108
What is the greatest common factor of 157344002 and 1151?
1151
Calculate the greatest common divisor of 41032 and 1288.
184
What is the highest common factor of 1194 and 47332548?
1194
Calculate the greatest common factor of 46603 and 7685.
29
What is the greatest common divisor of 1880555 and 27159?
823
What is the highest common factor of 1065410 and 6?
2
Calculate the greatest common divisor of 181312 and 762077.
2833
What is the highest common factor of 22731265 and 145?
5
Calculate the highest common divisor of 74805 and 1635.
15
Calculate the greatest common factor of 56026232 and 5356.
412
Calculate the highest common factor of 10769904 and 145.
29
What is the greatest common divisor of 711786 and 125130?
582
Calculate the greatest common divisor of 41976673 and 1047.
349
Calculate the greatest common divisor of 329030 and 34450.
130
What is the highest common divisor of 67032 and 16086?
42
Calculate the greatest common divisor of 2100 and 47796.
84
Calculate the highest common divisor of 108 and 52588836.
36
What is the greatest common divisor of 9212800 and 1000?
200
Calculate the greatest common divisor of 8455 and 6009814.
1691
Calculate the greatest common factor of 2346489794 and 11.
11
Calculate the highest common divisor of 8 and 591533760.
8
Calculate the highest common factor of 8151 and 412761206.
2717
Calculate the greatest common factor of 5097723 and 11145.
2229
What is the greatest common factor of 17302308 and 29796?
2292
What is the highest common divisor of 1147776 and 4514?
122
Calculate the greatest common divisor of 86 and 8534038.
86
Calculate the greatest common divisor of 198720 and 330556.
92
What is the greatest common factor of 20 and 34667610?
10
What is the highest common factor of 2475032 and 140?
28
Calculate the greatest common divisor of 4823298857 and 7111.
7111
Calculate the highest common divisor of 9603603 and 486.
243
What is the greatest common factor of 872 and 639054792?
872
What is the greatest common factor of 2312160 and 12?
12
Calculate the highest common divisor of 1216 and 1257914.
38
Calculate the highest common factor of 26 and 36493301.
13
What is the greatest common factor of 53 and 37191372?
53
Calculate the greatest common factor of 4636 and 32808728.
244
What is the greatest common divisor of 129946783 and 223?
223
Calculate the greatest common divisor of 260760315 and 46.
23
Calculate the highest common factor of 7 and 14665606.
1
What is the greatest common factor of 46483 and 32448377?
1081
Calculate the highest common factor of 8526428 and 106.
106
Calculate the highest common factor of 555 and 11970240.
555
What is the greatest common factor of 936063 and 3699?
27
Calculate the highest common factor of 310 and 3752705.
155
Calculate the greatest common divisor of 4095 and 2754024.
273
What is the highest common factor of 141940 and 2286140?
3020
What is the highest common divisor of 48 and 1054686?
6
Calculate the highest common factor of 31553228 and 118111.
2513
What is the highest common divisor of 1163 and 18942944?
1163
What is the highest common factor of 606 and 1129506?
6
What is the greatest common divisor of 1206386 and 505514?
2014
Calculate the greatest common divisor of 1237267633 and 457.
457
Calculate the highest common factor of 4743 and 9678882.
1581
Calculate the highest common factor of 1869421 and 2799.
311
Calculate the greatest common divisor of 20471055 and 1155.
165
What is the highest common divisor of 10439317 and 139?
139
What is the highest common factor of 4666973 and 1?
1
Calculate the greatest common divisor of 309657210 and 292638.
15402
Calculate the highest common factor of 7162 and 131464.
2
What is the greatest common factor of 291361 and 17227?
749
What is the highest common factor of 30533355 and 33?
3
What is the greatest common factor of 1 and 235430184?
1
Calculate the highest common divisor of 90 and 17288325.
45
Calculate the greatest common factor of 3672 and 92961.
27
What is the greatest common divisor of 7885601 and 113289?
3433
Calculate the greatest common divisor of 591193309 and 357.
119
Calculate the highest common divisor of 44982963 and 46.
23
What is the highest common factor of 7526394 and 708?
354
Calculate the highest common factor of 25067334 and 4458.
4458
Calculate the greatest common divisor of 211239270 and 660.
330
What is the highest common factor of 3878 and 55248204?
554
What is the highest common divisor of 12742236 and 348?
12
What is the highest common factor of 64 and 493112096?
32
What is the highest common factor of 64176 and 30268?
28
Calculate the greatest common factor of 16566262 and 1572806.
9418
Calculate the highest common divisor of 13368540 and 325.
5
What is the greatest common factor of 19812 and 163322?
254
Calculate the greatest common factor of 5353 and 1581484967.
5353
What is the greatest common factor of 468 and 79620684?
156
Calculate the greatest common divisor of 3474052 and 3675